?
False
Let f = 26 + -8. Is f/5*(-10)/(-3) a multiple of 5?
False
Suppose 2*f + 6 = 4, -3*m = 3*f + 678. Let h = 326 + m. Is 29 a factor of h?
False
Suppose 13 - 5 = -2*w, 4*w + 140 = n. Suppose -3*s = -7*s + n. Is s a multiple of 8?
False
Suppose 3*v + 12 - 180 = 0. Suppose 4*a + 4*m - v = 0, 2*a = -a - 2*m + 43. Does 4 divide a?
False
Suppose -5*n = -2*n - 2*u + 11, 3*n = -3*u + 9. Let y = 7 - n. Is 4 a factor of y?
True
Let k = 71 - 10. Is 22 a factor of k?
False
Let g = 53 + -27. Does 13 divide g?
True
Let s = -17 + 50. Is s a multiple of 33?
True
Let g = -42 - -73. Let l = 56 + g. Suppose 0 = 5*x - l - 143. Is x a multiple of 18?
False
Let w = 160 + -76. Does 21 divide w?
True
Does 6 divide 34 + -1 - (-6)/2?
True
Let r be (1/(-2))/((-2)/(-20)). Let d = r + 125. Is 15 a factor of ((-2)/(-4))/(4/d)?
True
Let z be (-6)/(-4)*28/3. Suppose -2*b + z = v, -3*b + 13 = v - 6. Suppose b*p + 70 = 205. Does 10 divide p?
False
Suppose -4*o + 5*u = -6*o + 26, 5*o + u = 65. Does 8 divide o?
False
Let t = 481 + -895. Let w be (4/(-6))/(12/t). Suppose 5*s - 60 = -2*o, 2*o - o - w = -2*s. Is 12 a factor of s?
False
Let g = 12 + -6. Let v = -6 - g. Let i = v + 27. Is i a multiple of 15?
True
Let z be (-1)/3 - (-174)/9. Suppose 4*n + 0 = 5*h + z, 5*n - 26 = 4*h. Is 3 a factor of n?
True
Let h(g) = g + 4. Let w be h(-5). Let y be w/(-4) - 30/(-8). Suppose 3*m - 68 = -y*u, -u + 0*u = 5*m - 102. Is 15 a factor of m?
False
Suppose l + m - 18 = 0, 5*l - 2*m - 12 = 57. Does 10 divide 2/(-3) + 160/l?
True
Let j be 4*(-3)/18*-6. Let s = j + -2. Suppose 3*u - 11 - 1 = -4*n, -2*u + s*n + 8 = 0. Is 2 a factor of u?
True
Suppose 3*h - 5 = -32. Let u be (-2)/(-8) + h/4. Does 6 divide 1 + u + 0 + 7?
True
Let v(m) be the second derivative of -2/3*m**3 - 3*m**2 + 0 - 2*m. Is v(-5) a multiple of 7?
True
Let f(a) = a**3 - a + 153. Does 17 divide f(0)?
True
Let m be 4*((-1)/2)/(-1). Let f = 13 - m. Does 11 divide f?
True
Suppose 2 - 3 = s. Let k(q) = -10*q + 1. Let x be k(s). Suppose 0 = 4*v - 9 - x. Is v a multiple of 5?
True
Let o be 4/14 - 110/(-7). Suppose 5*h - 1 + 36 = 5*q, -2*h = 3*q + 14. Is 7 a factor of (-2)/(o/h - -2)?
True
Let u be (-4)/14 + 92/28. Suppose -4*q + u*q - 12 = 0. Is (-3)/12 + (-291)/q a multiple of 7?
False
Suppose -12 = 3*x - 36. Is x a multiple of 4?
True
Let u = 23 + -8. Let j = u - -10. Is j a multiple of 15?
False
Suppose -2 - 2 = -q. Suppose 2*s = q*s. Suppose 0 = o - s*o - 6. Is 6 a factor of o?
True
Let u(w) = 7*w**2 + 5*w - 6*w**2 + 6*w**2 - w**3 - 10. Is 13 a factor of u(7)?
False
Suppose 12 = -b + 115. Does 23 divide b?
False
Suppose 0 = -2*q - 6 - 14. Is (36/q)/((-3)/30) a multiple of 9?
True
Is 5 a factor of 495/22*(-4)/(-6)?
True
Let n(z) = -z**3 - z**2 + z - 26. Does 37 divide n(-6)?
True
Let o be 3*-5*(-4)/12. Suppose -r - 5*z - 11 = 0, 3*r + o*z - 37 = 4*z. Is 5 a factor of r?
False
Suppose -3*r - 72 = -6*r. Suppose 6*v = v - 2*x + 33, 4*v + x = r. Suppose -v*k = -2*k - 39. Is k a multiple of 6?
False
Let a = 287 + -95. Let w = -130 + a. Is 11 a factor of w?
False
Suppose -4*s - 14 = -3*w + 8, s + 14 = 5*w. Let v = -2 - w. Is 11 a factor of (6/8)/(v/(-96))?
False
Let i(o) be the second derivative of 37*o**4/12 + o**3/3 + o**2/2 - 2*o. Is 20 a factor of i(-1)?
False
Let h(r) = -r**2 - 9*r - 6. Is 12 a factor of h(-6)?
True
Let l(i) = -88*i. Does 22 divide l(-1)?
True
Let i(g) = -g**2 + 1. Let o(t) = -t**3 - 6*t**2 - 1. Let y be o(-6). Let w be i(y). Suppose z + 5*d = 38, 0*d + 3*d - 15 = w. Does 10 divide z?
False
Suppose g = 18 - 3. Let a = g + -9. Is a a multiple of 3?
True
Let x be (2/(-4))/((-6)/(-72)). Let c(k) = k**3 + 7*k**2 + 6*k + 4. Is c(x) a multiple of 3?
False
Let y(x) = x**2 - 7*x - 10. Is y(10) a multiple of 10?
True
Let j(f) be the third derivative of 2*f**4/3 - f**3/6 - f**2. Let x be j(1). Let r = x + -4. Is 11 a factor of r?
True
Is (0 + 18)*(4 + (-56)/24) a multiple of 2?
True
Suppose -3*b - 8*v + 40 = -3*v, 3*b + 10 = 5*v. Suppose -2*p + b*q - 2 = 1, -2*q = 2*p - 18. Is 3 a factor of p?
True
Let z be (3 - 2) + 4/2. Let l(d) = -d + 24. Let g be l(0). Suppose -z*k + g = 5*h, -2*k + 5*h + 8 = -k. Is 8 a factor of k?
True
Let h = -1 + 3. Suppose 3*f - h*c = 16, c + 14 = f + 2*f. Suppose -3*y = -f*d - 30, -3*y - 3*d = -11 - 19. Is 5 a factor of y?
True
Suppose -3*m - 4 = -4*m. Suppose -4*f = -4*s - 48, 0 = 3*f - m*s - 14 - 23. Does 8 divide f?
False
Let a(m) = 10*m - 3. Let r be a(-5). Let b = -31 - r. Does 7 divide b?
False
Suppose 4*h = 3*h + 34. Suppose q - h = -5*l + 76, 0 = -q + 2*l + 145. Suppose -5*d - 2*r = -q - 23, -44 = -2*d + 4*r. Is d a multiple of 18?
False
Suppose -3*l - w = -627, 5*l - 4*w - 1153 + 108 = 0. Does 27 divide l?
False
Let g(n) be the first derivative of n**4/4 + 7*n**3/3 - n**2 - 3*n + 3. Is g(-6) a multiple of 15?
True
Let u(f) = 4*f - 4. Let w = 6 - -4. Let o be u(w). Suppose 4*x - 46 = 5*g + 30, 3*g + o = 2*x. Is x a multiple of 12?
True
Let s(r) = -5*r**2 + 2*r + 1. Let n be s(-1). Let y(b) = -b**2 - 7*b + 5. Let m be y(n). Suppose -2*f + m = -15. Is f a multiple of 13?
True
Let h be (-46)/(-10) - (-4)/10. Suppose 0*i - h*i = -255. Is 16 a factor of i?
False
Let k(o) = o + 3. Let z be k(0). Let b(r) be the third derivative of r**5/15 - r**4/24 - r**3/2 + 9*r**2. Is 8 a factor of b(z)?
False
Suppose 3*b = -1 + 7. Suppose 2*l - b*a = 3*a + 36, 3*a - 36 = -2*l. Is l a multiple of 9?
True
Suppose -3*l - 86 = -5*l + 4*s, -124 = -4*l - 4*s. Let v = l - 25. Is v a multiple of 7?
False
Let a(c) = c**3 + 2*c**2 + 3*c - 3. Let u be a(-3). Does 7 divide 3 + (-4 - u) + 1?
True
Suppose -10 = -0*w + 2*w. Let l = -44 - w. Let g = l + 67. Does 14 divide g?
True
Does 27 divide 1/(-5) - (-612)/10?
False
Is 13 a factor of 136/6 - (-18)/(-27)?
False
Let n = 24 - 22. Suppose n*j - 12 = -2*j. Is 2 a factor of j?
False
Let u(h) = h**3 + 7*h**2 - 2*h - 4. Is 14 a factor of u(-5)?
True
Let i(o) = -o**3 - o**2. Let f be i(2). Let d be f*((-6)/2 + 1). Suppose 5*n = 66 + d. Is 5 a factor of n?
False
Let v be 5 - (3 - (-2 + 2)). Suppose 57 = v*f - 9. Is f a multiple of 9?
False
Is 42 a factor of 120/(-40) + 212 + 2/2?
True
Suppose 75 - 7 = 2*m. Suppose -191 = -3*i + m. Does 25 divide i?
True
Let q be (-2 - (-2 - -1)) + -22. Let c = 34 + q. Is c a multiple of 3?
False
Does 8 divide (96/(-10))/((-3)/10)?
True
Let k(i) = i**2 - 3*i + 2. Let u be k(3). Suppose u*a + 0*a - 4 = 0. Let z = a - -2. Does 4 divide z?
True
Let g(x) = -x**3 - 5*x**2 - x - 6. Is g(-6) a multiple of 5?
False
Let k(z) = 2*z**2 + 9*z + 8. Does 13 divide k(-5)?
True
Let s be (-1)/(-2)*0/3. Let p = s - -1. Let v(x) = 3*x**3 - 1. Does 2 divide v(p)?
True
Let x(s) = -s + 92. Is x(17) a multiple of 15?
True
Suppose 4*y + 4*i + 264 = 0, 4*y = -0*i - 5*i - 262. Let v = -8 - y. Does 14 divide v?
False
Suppose -l - 97 = -322. Suppose -4*j + l - 77 = 0. Does 25 divide j?
False
Let s(p) = -3*p**2 - 3*p - 4. Suppose 12 = 4*n - 0. Let z be s(n). Does 15 divide -1 - 7/(14/z)?
False
Does 6 divide ((-58)/(-8))/((-5)/(-20))?
False
Let a(n) = 69*n + 6. Is 16 a factor of a(2)?
True
Let h(x) = x**2 + 4*x - 2. Let n be h(-5). Suppose -5*r + 40 = v, 2*v - 7 = -n*r - 2*v. Is 4 a factor of r?
False
Suppose 0 = -j + 2*j + 3, 0 = 5*r - 5*j - 15. Suppose r = 3*u + t - 63, 4*t = -t + 15. Is 10 a factor of u?
True
Suppose -2*r + 864 = -38. Suppose r = 5*y + 101. Is 24 a factor of y?
False
Suppose 5*c = 4*n - 490, 0 = n - 2*c + 42 - 166. Is 24 a factor of n?
True
Suppose -3*w = 5*m - 6, -3*w + 0 = m + 6. Is m a multiple of 3?
True
Let c be ((-80)/6)/(2/(-6)). Suppose -c = -4*h - 0*h. Is ((-28)/h)/((-5)/25) a multiple of 14?
True
Let r(m) = -25*m. Let x be r(-4). Suppose -2*s = 3*s - x. Suppose o = -o + s. Does 10 divide o?
True
Suppose -4*n + 255 = 3*z, -2*n - 4*z + 150 = 20. Is 9 a factor of n?
True
Is 9 a factor of (1/3)/((-18)/(-2214))?
False
Let z be ((-2)/4*0)/1. Let t = z + 2. Let q = t - -1. Does 3 divide q?
True
Let k = -6 + 6. Suppose 5*a + 0 - 5 = k. Is 58/(a + (4 - 3)) a multiple of 11?
False
Let p = -197 + 364. Is 40 a factor of p?
False
Let m(x) = -x**2 - 4*x - 2. Let b be m(-3). Suppose -b = -2*d + 7. Suppose 5*i - 5*l = 55, -6*i - d*l = -i - 55. Is i a multiple of 7?
False
Let b(l) = 92*l**3 - 3*l**2 + 2*l + 1. Is b(1) a multiple of 23?
True
Suppose -2*q - 25